 53 = 4. Calculate the highest common divisor of p and v.
19
Let c be 15864/(-20) + (-96)/20 + 5. Let u be (-4)/(-14) - c/91. What is the highest common divisor of 6 and u?
3
Let q be (-2 + 3)*-2 - -6. Suppose q*n - 36 = -0*n. Let h(v) = -v**2 - 43*v - 305. Let w be h(-34). What is the greatest common divisor of w and n?
1
Let d(n) = 4*n**2 + 12*n - 14. Let b be d(-6). Suppose -5*t + 2*y = -1005, -2*t + y = 93 - 494. What is the highest common divisor of b and t?
29
Suppose 57*q + 1138 = 283. Let f be (0 - q)*(22/11 - -3). Suppose -3*p = p - 120. Calculate the highest common divisor of f and p.
15
Let d(n) = -35*n + 3. Let l(s) = 35*s - 3. Let b(a) = 6*d(a) + 7*l(a). Suppose -4*z = -4 - 8. Let k be b(z). What is the highest common divisor of k and 17?
17
Suppose -4*o = 98 + 10. Let u be (32/12 - 4)*o. Let z(j) = -2*j**3 + 7*j**2 + 36*j - 18. Let h be z(6). What is the greatest common factor of h and u?
18
Let t = 528 + 300. Suppose -135 + t = 33*a. Let z = -11 + 32. Calculate the highest common factor of z and a.
21
Let u(j) = 40*j - 5*j - 2*j**2 - 71 - 7*j**2 + 6*j**2 + 2*j**2. Let q be u(31). What is the greatest common factor of 371 and q?
53
Let q = -384 + 192. Let i = 205 + q. Calculate the highest common factor of 169 and i.
13
Suppose 535*u - 5399 - 3080 = 14526. Let r(c) = 344*c**2 - c + 1. Let t be r(1). What is the greatest common divisor of u and t?
43
Suppose 5*k = 165*p - 161*p - 395, 0 = -p + 3*k + 104. What is the greatest common factor of p and 380?
95
Suppose 8*v - 9*v - 42 = 0. Let z = -39 - v. Suppose 4*l + 4*s - 48 = 0, 0 = l + 5*s - 7 + z. What is the highest common divisor of l and 42?
14
Suppose -59*o - 52*o = -428 - 2569. What is the greatest common divisor of o and 360?
9
Let o be 3*5/(75/10). Suppose -o*b = -96 - 110. Let y = b - 92. What is the highest common factor of y and 22?
11
Suppose 0 = -0*b + 26*b - 598. Suppose -b*k - 12*k = -490. What is the greatest common divisor of 28 and k?
14
Suppose -2*x = -6*x + 260. Let m(u) = 2*u**2 - 8*u - 1227. Let z be m(-23). What is the highest common factor of z and x?
5
Let x(p) = 4*p + 1. Let m be x(-3). Let v = 33 + m. Suppose 99 - 61 = 19*z. What is the highest common divisor of v and z?
2
Let a(b) = 17*b**2 + b + 21. Let h be a(-6). Suppose -52*u + 41*u + h = 0. Calculate the greatest common divisor of u and 57.
57
Let m = 1138 + -1120. Suppose 3*d + 150 = 5*x, -9 + 2 = -x - 4*d. What is the greatest common factor of x and m?
9
Suppose -3*l + o = -499, 102*l - 2*o = 104*l - 346. What is the greatest common factor of l and 552?
24
Suppose 256*r = -115*r + 338723. Calculate the highest common divisor of 737 and r.
11
Suppose 1728 = -4*x + 10*x. Let v = x - 264. Calculate the greatest common divisor of v and 32.
8
Let m = 18 + -15. Let u(s) = -8*s**2 + 3*s**2 - 2*s + 3*s**2 + s**3 + 2. Let r be u(m). Calculate the highest common divisor of 10 and r.
5
Let l = -2373 + 1644. Let h = 865 + l. What is the greatest common divisor of h and 51?
17
Suppose 0 = -46*k + 53*k - 322. Let r = -124 + 216. What is the greatest common divisor of r and k?
46
Let n be 4/(-44*7/(-8470)). Let x = 16 - 6. What is the greatest common factor of x and n?
10
Suppose 28*m + 5*k = 33*m - 26670, 4*m - k = 21348. What is the highest common factor of m and 68?
34
Suppose 74 = -a + 13. Let n be (1*-1)/(32/(-96)) - a. What is the highest common divisor of 24 and n?
8
Suppose -894 = -2*z - 798. Suppose 426 - z = b. Calculate the greatest common divisor of b and 28.
14
Let j be 6/(22 + -10) + 106/4. Calculate the greatest common factor of j and 2979.
9
Let u = 1 - 9. Let r(b) = 145*b + 7*b**2 - 7*b**2 - 2*b**3 - 16*b**2 - 6 - 147*b. Let d be r(u). What is the highest common factor of 70 and d?
10
Let l be 3551/4 + ((-9)/24)/((-48)/32). Calculate the highest common divisor of l and 72.
24
Let s be 1421355/455 - 3/(-21). What is the greatest common divisor of 44 and s?
44
Let s be 6*(-250)/(-10 - -5). Let v = s - 140. Let h(p) = p**2 - 4*p - 1. Let o be h(-3). Calculate the greatest common divisor of v and o.
20
Let k(b) = -b**3 - 8*b**2 - 22*b - 1. Let u be k(-6). Calculate the greatest common divisor of u and 5.
1
Let q be 10779/189 - (-146)/(-4599). What is the greatest common factor of q and 7296?
57
Suppose 53*l + 56067 = 56*l - 3*q, 5*l - 93477 = -3*q. Calculate the greatest common divisor of l and 67.
67
Let a = 486 + -481. Suppose -4*d + 962 = -o, -3*o + 5*o = -a*d + 1196. What is the highest common factor of d and 16?
16
Let r(x) = 7*x**2 - x + 4. Suppose -6 = m + 25. Let a = m + 29. Let u be r(a). What is the greatest common divisor of 17 and u?
17
Let r be (0 - -1) + 7 + 139. Let g be (15/(-10))/(17/(-34)). What is the highest common divisor of g and r?
3
Suppose 30*j + 414 = 76*j. Let z = 194 + -41. Calculate the highest common divisor of j and z.
9
Let g = -3 - -50. Suppose -4*i + 4*z - g = -511, 5*z + 460 = 4*i. Calculate the greatest common divisor of 135 and i.
15
Let s be -1 + 90 + (-44)/4. Calculate the greatest common factor of 208 and s.
26
Let h(k) = -k**2 - 12*k - 12. Let j be h(-4). Let p be (-42)/4*(-4)/8*j. Suppose n = 2*n - p. What is the greatest common divisor of 15 and n?
15
Let t = -89 + 439. Suppose 9*u - t = 2*u. Suppose -u*n + 51*n = 17. What is the greatest common divisor of 1 and n?
1
Suppose -22 = 3*n - 142. Suppose -307*r + 310*r + 2*o = 480, -4*r + 3*o + 640 = 0. What is the highest common divisor of n and r?
40
Let p be (-2)/1*144/(-3). Suppose p = 3*k - k. Suppose 4*x - 24 = -4*u, -x = -5*u + 3*u + 12. Calculate the highest common divisor of k and u.
6
Let p(v) = -v + 12. Let f be p(0). Let b = -152 + 292. Let n = -136 + b. What is the highest common factor of f and n?
4
Suppose 35 = -16*m - 29. Let v be (7*m/(-42))/((-4)/(-30)). Let j = v - -18. What is the highest common factor of j and 184?
23
Let j = -3095 + 3128. Calculate the greatest common divisor of j and 7513.
11
Let p be 9*(-18)/(-891) - 32650/(-110). What is the highest common divisor of p and 495?
99
Suppose 31*q - 4*n + 561 = 32*q, -4*q + n = -2244. What is the greatest common divisor of 2057 and q?
187
Suppose -3*x = 4*v - 6383, 4*v - 2*x + 3*x - 6389 = 0. Calculate the highest common divisor of 34 and v.
34
Let k(s) = 4 + 12*s + 19*s**2 - 5*s - 20*s**2. Let z be k(7). Let i be z/6 - (-580)/30. Calculate the highest common factor of 80 and i.
20
Suppose -s = 2*o - 933, 37*s + 1872 = 4*o + 41*s. What is the highest common factor of o and 279?
93
Let z = 21142 + -8614. Calculate the greatest common divisor of z and 87.
87
Suppose -34 = -t + 3*i, t - 2*i = 6*t - 102. Let g(u) = 5*u - 94. Let f be g(t). What is the highest common factor of 88 and f?
8
Suppose 0 = 5*i - 10*i + 10160. Let z = i + -1414. Calculate the greatest common factor of 6 and z.
6
Let x be -22 - -16 - (-9 + -23). Calculate the greatest common factor of 106 and x.
2
Suppose 3*p + 2*a - 4 - 38 = 0, -39 = -2*p - 5*a. Let m = -4 + 4. Suppose m = -2*x - 2*x + 72. What is the greatest common divisor of p and x?
6
Suppose 349 = c - 2*v, 5*c - 46*v + 43*v - 1794 = 0. What is the greatest common divisor of 2299 and c?
121
Let w(m) = m**3 - 6*m**2 - 5*m - 11. Let x be w(7). Let q be 3*(7/x - (-30)/(-15)). What is the greatest common divisor of 54 and q?
1
Suppose -10*g + 968 = -142. Suppose -706*n + g = -703*n. What is the highest common factor of n and 296?
37
Suppose 451*i - 478*i = -967545. Calculate the highest common factor of i and 15.
15
Let v = -40352 - -40765. Calculate the highest common factor of v and 490.
7
Suppose -w = 5, -m - 3 = 1588*w - 1583*w. What is the highest common factor of m and 29568?
22
Let m be 2 + (-5)/4 - (-293)/4. Let q be (-77 + m)*(-1 + 1 + -31). Calculate the highest common divisor of q and 62.
31
Suppose -19 = 3*f + 5*o, -f = -3*f + 4*o + 24. Suppose f*q - 60 = 14. Calculate the greatest common divisor of q and 296.
37
Suppose -595 = 5*d - 565, 3*d + 98 = 5*p. Calculate the highest common factor of p and 23.
1
Let s(n) = 114*n - 2369. Let f be s(21). Let l(j) = -95*j. Let q be l(-5). What is the greatest common factor of f and q?
25
Let h(j) = j**2 - 719*j - 40. Let x be h(-13). What is the highest common divisor of x and 184?
92
Let j(n) = 5*n + 63. Let p be j(-13). Let y be 348 + -5 + 1 + p. Calculate the g